7 a factor of 137834571?
True
Is 5839 a factor of 3066753741?
True
Does 17 divide 874853980?
False
Is 88 a factor of 258399479?
False
Is 534223451 a multiple of 5?
False
Does 3771 divide 1766079972?
True
Is 437279004 a multiple of 9?
True
Is 81 a factor of 15653485?
False
Is 400156587 a multiple of 3973?
True
Is 285662897 a multiple of 178?
False
Is 8 a factor of 81036300?
False
Is 70561760 a multiple of 300?
False
Does 351 divide 26417664?
True
Does 720 divide 1060752960?
True
Is 51 a factor of 280569003?
True
Is 99 a factor of 2107708020?
True
Is 11 a factor of 33997475?
False
Is 113846598 a multiple of 1179?
True
Does 490 divide 19729360?
True
Is 136513270 a multiple of 5?
True
Does 469 divide 48205696?
True
Is 1660971540 a multiple of 5546?
True
Is 852301300 a multiple of 1385?
True
Does 135 divide 78752232?
False
Is 23199510 a multiple of 1202?
False
Does 7 divide 63909602?
False
Is 9 a factor of 161912745?
True
Is 33568857 a multiple of 987?
True
Does 149 divide 1018612276?
True
Is 11 a factor of 42634779?
True
Is 39 a factor of 200018598?
True
Is 106 a factor of 17629808?
False
Is 43926300 a multiple of 27?
True
Is 171 a factor of 29190384?
True
Does 13 divide 464535994?
True
Is 79 a factor of 2497980?
True
Does 3 divide 345539880?
True
Is 4727552169 a multiple of 7986?
False
Is 2251991280 a multiple of 21?
True
Does 11245 divide 2858748817?
False
Is 2469 a factor of 30518741?
False
Is 1049513524 a multiple of 1453?
True
Is 33 a factor of 718125624?
False
Is 11492089 a multiple of 12?
False
Does 18 divide 598077954?
True
Is 41 a factor of 308129721?
False
Does 22 divide 1460471826?
True
Does 23 divide 164710611?
False
Does 1207 divide 39361863?
False
Does 28 divide 63370048?
True
Is 267881264 a multiple of 112?
True
Is 267140887 a multiple of 1157?
True
Is 86122328 a multiple of 2?
True
Is 1118 a factor of 89899498?
True
Is 1553 a factor of 39354373?
False
Does 3954 divide 472301346?
True
Is 334626000 a multiple of 1720?
True
Is 323381927 a multiple of 281?
False
Is 26 a factor of 40788722?
True
Does 30 divide 15066750?
True
Is 284 a factor of 815955?
False
Is 11304279 a multiple of 63?
True
Does 520 divide 185643120?
True
Does 46 divide 156866169?
False
Does 473 divide 31514098?
True
Does 15 divide 93098410?
False
Is 133 a factor of 23466121?
True
Is 3090202 even?
True
Is 94460893 a multiple of 184?
False
Is 242 a factor of 420745798?
True
Does 307 divide 16894748?
False
Is 25850867 a multiple of 683?
True
Does 66 divide 152040834?
True
Is 125 a factor of 2225159671?
False
Does 7176 divide 1680643950?
False
Is 4331 a factor of 103294350?
True
Is 8 a factor of 86375419?
False
Does 87 divide 352621527?
True
Is 2931629992 a multiple of 386?
False
Is 9 a factor of 22931815?
False
Is 89 a factor of 23659422?
False
Is 487 a factor of 25930315?
True
Is 24163505 a multiple of 14?
False
Does 95 divide 967933707?
False
Is 38046624 a multiple of 264?
True
Is 433 a factor of 839088441?
False
Does 536 divide 156199925?
False
Is 52327802 a multiple of 41?
False
Is 5990504 a multiple of 24?
False
Is 1023388792 a multiple of 109?
True
Is 293044402 a multiple of 16?
False
Is 60 a factor of 71523840?
True
Is 3014 a factor of 129842075?
False
Is 2951492949 a multiple of 668?
False
Is 16 a factor of 173127312?
True
Is 2429 a factor of 472059147?
True
Is 92911904 a multiple of 164?
True
Is 21 a factor of 2661752659?
False
Is 17011056 a multiple of 63?
False
Does 3354 divide 909859704?
True
Does 2108 divide 25616787?
False
Is 38522185 a multiple of 217?
False
Does 3 divide 8998913?
False
Is 925856544 a multiple of 2340?
False
Is 1662624 a multiple of 753?
True
Does 74 divide 630359528?
True
Is 70 a factor of 5880095?
False
Is 6 a factor of 43612985?
False
Does 60 divide 24332220?
True
Is 12 a factor of 2043684480?
True
Does 44 divide 180476384?
True
Is 22534492 a multiple of 30?
False
Is 495 a factor of 20984424?
False
Is 19 a factor of 10763994?
True
Does 6 divide 11792304?
True
Does 25 divide 114029475?
True
Is 31 a factor of 65863221?
False
Does 973 divide 1214988992?
True
Is 135 a factor of 63895483?
False
Is 160 a factor of 859680?
True
Does 119 divide 40370988?
True
Is 1442275016 a multiple of 28?
True
Does 835 divide 20252090?
True
Does 106 divide 80548870?
True
Is 2302201660 a multiple of 820?
True
Is 106622181 a multiple of 697?
True
Does 407 divide 437481451?
True
Is 406516310 a multiple of 2184?
False
Is 1408 a factor of 392402560?
True
Is 144835350 a multiple of 3355?
True
Is 1531980 a multiple of 15?
True
Is 1426773296 a multiple of 208?
True
Does 461 divide 44106175?
True
Is 49 a factor of 17614030?
True
Is 28 a factor of 5864027680?
True
Is 57 a factor of 152713830?
True
Is 2109 a factor of 28749888?
True
Is 15 a factor of 39315017?
False
Is 36 a factor of 121960564?
False
Does 55 divide 6337375?
True
Is 3072163534 a multiple of 158?
True
Is 1005 a factor of 78581125?
False
Is 2307 a factor of 399192990?
False
Is 79413322 a multiple of 37?
True
Is 383420115 a multiple of 45?
True
Does 176 divide 110429616?
True
Does 22 divide 831556528?
True
Is 900005456 a multiple of 106?
False
Is 885778336 a multiple of 68?
True
Is 380966004 a multiple of 54?
True
Is 30 a factor of 311800226?
False
Is 22 a factor of 10829500?
True
Is 357349959 a multiple of 495?
False
Is 466 a factor of 2545758?
True
Is 348181676 a multiple of 146?
True
Does 1293 divide 100222600?
False
Does 19 divide 4525393?
False
Is 85 a factor of 203281957?
False
Is 4227 a factor of 788584360?
False
Does 7 divide 53507518?
False
Is 214676640 a multiple of 60?
True
Does 97 divide 146072942?
False
Does 46 divide 38459754?
False
Does 31 divide 14319881?
False
Is 149 a factor of 28871461?
False
Is 3913803461 a multiple of 34?
False
Is 116900641 a multiple of 1573?
True
Is 25 a factor of 794103800?
True
Is 98 a factor of 20700932?
True
Is 1308 a factor of 1359994548?
False
Is 72 a factor of 94403664?
True
Is 14982168 a multiple of 253?
False
Is 113825702 a multiple of 358?
False
Is 1978127852 a multiple of 10?
False
Is 97 a factor of 27037180?
False
Is 45 a factor of 124563639?
False
Is 7 a factor of 53369407?
True
Does 310 divide 353747510?
True
Is 68376502 a multiple of 178?
False
Is 41026475 a multiple of 175?
True
Is 20 a factor of 1835562500?
True
Is 57848928 a multiple of 962?
False
Does 5 divide 21882338?
False
Does 13 divide 354352934?
True
Does 334 divide 608121482?
True
Does 2531 divide 54654414?
True
Is 1019 a factor of 124108076?
False
Is 12 a factor of 9496752?
True
Does 384 divide 163490673?
False
Is 643485928 a multiple of 463?
False
Does 9 divide 1266643197?
True
Does 57 divide 13943471?
False
Is 153 a factor of 77733180?
True
Is 183 a factor of 9883951?
False
Does 1201 divide 248582980?
True
Does 57 divide 109320414?
True
Does 349 divide 649814966?
True
Is 14607941 a multiple of 3394?
False
Does 62 divide 74837753?
False
Does 10 divide 53249645?
False
Does 2478 divide 21464083?
False
Is 10297506 a multiple of 19?
True
Is 144980037 a multiple of 23?
False
Is 154 a factor of 1381359382?
False
Does 7 divide 2851271?
False
Is 2646 a factor of 511437988?
False
Is 919158963 a multiple of 55?
False
Does 10 divide 158184680?
True
Is 805709462 a multiple of 10?
False
Does 101 divide 3220418656?
False
Is 3406 a factor of 2993656?
False
Is 55604252 a multiple of 382?
False
Is 792175018 a multiple of 19?
True
Is 31596840 a multiple of 40?
True
Does 2932 divide 187970520?
True
Does 3374 divide 893539794?
True
Does 13 divide 2532878465?
True
Does 87 divide 806161965?
False
Is 307888378 a multiple of 208?
False
Does 2674 divide 501947236?
True
Is 294 a factor of 105552385?
False
Does 262 divide 468976179?
False
Is 639060904 a multiple of 302?
False
Is 24791418 a multiple of 382?
True
Is 29680420 a multiple of 308?
True
Does 133 divide 349042008?
True
Is 49 a factor of 156759330?
True
Is 1681 a factor of 54450952?
True
Is 351156250 a multiple of 17?
True
Is 1317 a factor of 98271641?
False
Does 13 divide 120578998?
False
Does 1316 divide 125104224?
True
Does 7266 divide 654441354?
True
Does 19 divide 17941092?
True
Does 138 divide 20571522?
True
Is 162 a factor of 2781419958?
True
Does 89 divide 135995916?
True
Does 53 divide 41087518?
False
Does 143 divide 3076684009?
False
Is 8324255